10?
-2
In base 12, what is 67 + ab?
156
In base 2, what is -1001101111 + -100?
-1001110011
In base 11, what is 28 + 21?
49
In base 16, what is -a4 + -1?
-a5
In base 10, what is 5 - -49?
54
In base 3, what is -20 + 21?
1
In base 12, what is -4 + 18a4?
18a0
In base 12, what is a - 1434?
-1426
In base 4, what is -10 + 11011?
11001
In base 16, what is -1 + 31?
30
In base 9, what is -1 - -120?
118
In base 7, what is 3033 + 2?
3035
In base 8, what is -12 + -70?
-102
In base 9, what is -10 + -26?
-36
In base 9, what is 0 + -2475?
-2475
In base 6, what is 15 + -25?
-10
In base 4, what is -1121 - -23?
-1032
In base 14, what is -92 + -5?
-97
In base 7, what is -415 + -100?
-515
In base 9, what is 10727 + 4?
10732
In base 2, what is 101 - 1011?
-110
In base 4, what is 11 + 3?
20
In base 5, what is 1114 - 1?
1113
In base 6, what is -3 - 535?
-542
In base 2, what is -11 + 1100111?
1100100
In base 14, what is 1b0 - 0?
1b0
In base 4, what is 1110331 - -2?
1110333
In base 9, what is -23 + 3?
-20
In base 4, what is -202111 - 10?
-202121
In base 11, what is -10 + 4?
-7
In base 7, what is -35 - -30?
-5
In base 6, what is -432 + 0?
-432
In base 12, what is b2 + 2?
b4
In base 13, what is 7 - -2c65?
2c6c
In base 10, what is 5 - 944?
-939
In base 9, what is 350 + -3?
346
In base 8, what is 2 - 154?
-152
In base 8, what is 601 + 3?
604
In base 11, what is 144 + -19?
126
In base 8, what is -113 - 26?
-141
In base 3, what is -10 - -1122?
1112
In base 12, what is -1 + -49?
-4a
In base 13, what is 5 - -41?
46
In base 16, what is 17b + 4?
17f
In base 4, what is -10 - -1101?
1031
In base 11, what is 5806 + -6?
5800
In base 2, what is -1001 - -100010010?
100001001
In base 13, what is -3 + 3a?
37
In base 16, what is -4 - -1e?
1a
In base 2, what is 1 - -100000?
100001
In base 6, what is 51200 - 1?
51155
In base 15, what is 81 - 7?
79
In base 14, what is -4 - -c4?
c0
In base 5, what is -310 - 1?
-311
In base 15, what is -22 - 5?
-27
In base 3, what is 11121 + 1000?
12121
In base 16, what is -3 - -283?
280
In base 3, what is -11 - -10011?
10000
In base 15, what is -32e + -1?
-330
In base 4, what is -130 - -2?
-122
In base 9, what is 13 - 3?
10
In base 11, what is -2474 + -1?
-2475
In base 7, what is 1 + 5343?
5344
In base 9, what is -305 + 2?
-303
In base 9, what is -2 - 20?
-22
In base 16, what is -8af - -3?
-8ac
In base 6, what is -3 - 35524?
-35531
In base 10, what is -87 + -11?
-98
In base 14, what is 3 + -1871?
-186c
In base 11, what is -4 - 37?
-40
In base 9, what is 27 - 1?
26
In base 13, what is -4 - -2c6?
2c2
In base 14, what is -717 + 1?
-716
In base 5, what is 104 + 3?
112
In base 11, what is 186 + 0?
186
In base 3, what is -100022201 - -11?
-100022120
In base 15, what is -2b - 1?
-2c
In base 7, what is -4 - -6200?
6163
In base 4, what is 112 + -3?
103
In base 15, what is -231 - -5?
-22b
In base 7, what is 244 - 1?
243
In base 3, what is 10100 + -100?
10000
In base 9, what is -4 + 54?
50
In base 12, what is -11 - 6?
-17
In base 14, what is -3 + 131?
12c
In base 4, what is -11 - 103302?
-103313
In base 13, what is 83 + -2a?
56
In base 4, what is 1110 - 10?
1100
In base 10, what is 5 - 1648?
-1643
In base 9, what is -20 - -1114?
1084
In base 4, what is 2 + -1220?
-1212
In base 16, what is -458 - -3?
-455
In base 11, what is -8 + -1045?
-1052
In base 7, what is 10354 - 0?
10354
In base 2, what is 1 + 1111110010?
1111110011
In base 5, what is 2 - -1034?
1041
In base 3, what is -12 + 10?
-2
In base 8, what is 253 - 0?
253
In base 13, what is 25 - c?
16
In base 8, what is 107 - -176?
305
In base 8, what is -16 + -24?
-42
In base 14, what is ca6 + 0?
ca6
In base 6, what is 11 + 2?
13
In base 7, what is -263 - -2?
-261
In base 6, what is 2 - 423?
-421
In base 12, what is 90 + -67?
25
In base 13, what is 7c2 + 4?
7c6
In base 11, what is -4 + 56?
52
In base 14, what is 0 - -65?
65
In base 15, what is 116 + 1c?
133
In base 16, what is 2 + c8a?
c8c
In base 15, what is -4 + -23?
-27
In base 6, what is 20 - -43?
103
In base 7, what is -1003 + 3?
-1000
In base 2, what is 0 - 1100?
-1100
In base 5, what is 13230 + 1?
13231
In base 15, what is 0 - 70?
-70
In base 8, what is -4 - -401?
375
In base 7, what is 1033 + 2?
1035
In base 16, what is bd - -a?
c7
In base 16, what is 46 - 5c?
-16
In base 11, what is 598 + 4?
5a1
In base 10, what is 220 + -4?
216
In base 6, what is 115 - -434?
553
In base 5, what is -2 - -1?
-1
In base 14, what is -4 + 74?
70
In base 13, what is -a - 53?
-60
In base 15, what is 20 - -3?
23
In base 13, what is -1065 + 1?
-1064
In base 14, what is 3712 - -5?
3717
In base 2, what is 110000 - 110?
101010
In base 10, what is -4802 + -5?
-4807
In base 16, what is -2 + -24?
-26
In base 6, what is 5 + -1533?
-1524
In base 12, what is -26 - -163?
139
In base 11, what is 3 + 126a?
1272
In base 16, what is -e1 - 5?
-e6
In base 6, what is -142 + -50?
-232
In base 2, what is 1 + 1001010?
1001011
In base 10, what is -22 + -2?
-24
In base 11, what is -7059 - -3?
-7056
In base 7, what is -13 + 351?
335
In base 8, what is 3 + 10571?
10574
In base 5, what is 24 + -1111?
-1032
In base 8, what is 10 + 3?
13
In base 9, what is 4 - 475?
-471
In base 4, what is -10 - 1301?
-1311
In base 9, what is -78 - 42?
-131
In base 9, what is 262 - 5?
256
In base 7, what is 6110 + -2?
6105
In base 11, what is -34 + -313?
-347
In base 8, what is 225 + 2?
227
In base 8, what is 2706 - 4?
2702
In base 11, what is -36 + -7?
-42
In base 6, what is 3 - -231?
234
In base 16, what is 2e - 0?
2e
In base 14, what is 5 + -754?
-74d
In base 10, what is -7 + -15?
-22
In base 16, what is 3 - 273?
-270
In base 5, what is 2412 - 1?
2411
In base 4, what is 10103210 + 2?
10103212
In base 7, what is -434 - -1?
-433
In base 15, what is -60 - -7?
-58
In base 2, what is 0 + 1101110?
1101110
In base 3, what is -1011010 - 22?
-1011102
In base 4, what is -3 + -2310?
-2313
In base 11, what is 1 + 314?
315
In base 2, what is 100 - -110110?
111010
In base 9, what is 564 + -36?
527
In base 6, what is 24 - 1020?
-552
In base 12, what is 14 - 1?
13
In base 10, what is 72 - 10?
62
In base 3, what is 1001210 + 1?
1001211
In base 4, what is -101 + 0?
-101
In base 12, what is 5 - 50a?
-505
In base 12, what is 71 + -5?
68
In base 5, what is 10 + -1000?
-440
In base 4, what is -10 - -30120?
30110
In base 12, what is 62 + -10?
52
In base 3, what is 21110 - 0?
21110
In base 7, what is -1 + -535?
-536
In base 4, what is -1002 - -1000?
-2
In base 10, what is 316 - -3?
319
In base 3, what is 21 - -112?
210
In base 2, what is 11111001001 + 10?
11111001011
In base 5, what is -10 + -33?
-43
In base 6, what is -45 + -3104?
-3153
In base 3, what is -10001 + -102?
-10110
In base 4, what is 33 - 3?
30
In base 6, what is -13 - -51?
34
In base 2, what is 1 - -10000111001?
10000111010
In base 11, what is -14 - 17?
-30
In base 10, what is -4 - 4?
-8
In base 12, what is 3 + 326?
329
In base 5, what is -3 - -32?
24
In base 9, what is -10 - -146?
136
In base 4, what is -1212301 + 3?
-1212232
In base 13, what is -5 - -4?
-1
In base 6, what is 5 - -2501?
2510
In base 6, what is 21 + 3?
24
In base 12, what is 12 + -23?
-11
In base 8, what is -3 - -16?
13
In base 12, what is 10 + 38?
48
In base 6, what is -1500 - 13?
-1513
In base 13, what is -59 + 8?
-51
In base 8, what is 2 - 7?
-5
In base 16, what is -346 + 5?
-341
In base 12, what is 139a - -5?
13a3
In base 11, what is -5 - 1057?
-1061
In base 6, what is -2310 - 13?
-2323
In base 3, what is 22222 - -2?
100001
In base 3, what is -1001122 - -10?
-1001112
In base 6, what is 2 + 13?
15
In base 3, what is 11 + 10100?
10111
In base 13, what is -5674 - 5?
-5679
In base 14, what is 290 - 16?
278
In base 15, what is 4 - -1d?
22
In base 3, what is 12 + -100?
-11
In base 14, what is -560 + 5?
-559
In base 12, what is -5 + -12?
-17
In base 12, what is 26 + 19?
43
In base 7, what is 1 - -4?
5
In base 4, what is -1 + -133002?
-133003
In base 5, what is 4 - -114?
123
In base 5, what is 420 - 10?
410
In base 8, what is 7 - -341?
350
In base 10, what is -3 + 27?
24
In base 8, what is -13 - 72?
-105
In base 11, what is -109 + 7?
-102
In base 12, what is 7 - 4?
3
In base 14, what is 5a + -32?
28
In base 2, what is -1 + -111100?
-111101
In base 12, what is 3 + 144?
147
In base 7, what is -4 - 130?
-134
In base 10, w